{"id":336,"date":"2022-04-20T12:21:35","date_gmt":"2022-04-20T12:21:35","guid":{"rendered":"http:\/\/hugin.fsu.fi\/?page_id=336"},"modified":"2022-04-28T06:59:38","modified_gmt":"2022-04-28T06:59:38","slug":"hem","status":"publish","type":"page","link":"https:\/\/hugin.fsu.fi\/","title":{"rendered":"Hem"},"content":{"rendered":"\t\t<div data-elementor-type=\"wp-page\" data-elementor-id=\"336\" class=\"elementor elementor-336\" data-elementor-post-type=\"page\">\n\t\t\t\t\t\t<section class=\"elementor-section elementor-top-section elementor-element elementor-element-753a6e1e elementor-section-height-min-height elementor-section-content-middle elementor-section-boxed elementor-section-height-default elementor-section-items-middle\" data-id=\"753a6e1e\" data-element_type=\"section\" data-e-type=\"section\" data-settings=\"{&quot;background_background&quot;:&quot;classic&quot;}\">\n\t\t\t\t\t\t\t<div class=\"elementor-background-overlay\"><\/div>\n\t\t\t\t\t\t\t<div class=\"elementor-container elementor-column-gap-no\">\n\t\t\t\t\t<div class=\"elementor-column elementor-col-100 elementor-top-column elementor-element elementor-element-8df4670\" data-id=\"8df4670\" data-element_type=\"column\" data-e-type=\"column\">\n\t\t\t<div class=\"elementor-widget-wrap elementor-element-populated\">\n\t\t\t\t\t\t<div class=\"elementor-element elementor-element-ff0ea31 elementor-widget elementor-widget-image\" data-id=\"ff0ea31\" data-element_type=\"widget\" data-e-type=\"widget\" data-widget_type=\"image.default\">\n\t\t\t\t<div class=\"elementor-widget-container\">\n\t\t\t\t\t\t\t\t\t\t\t\t\t\t\t<img fetchpriority=\"high\" decoding=\"async\" width=\"800\" height=\"441\" src=\"https:\/\/hugin.fsu.fi\/wp-content\/uploads\/2022\/04\/barabildvit-e1651060507649-1024x565.png\" class=\"attachment-large size-large wp-image-409\" alt=\"\" srcset=\"https:\/\/hugin.fsu.fi\/wp-content\/uploads\/2022\/04\/barabildvit-e1651060507649-1024x565.png 1024w, https:\/\/hugin.fsu.fi\/wp-content\/uploads\/2022\/04\/barabildvit-e1651060507649-300x166.png 300w, https:\/\/hugin.fsu.fi\/wp-content\/uploads\/2022\/04\/barabildvit-e1651060507649-768x424.png 768w, https:\/\/hugin.fsu.fi\/wp-content\/uploads\/2022\/04\/barabildvit-e1651060507649.png 1080w\" sizes=\"(max-width: 800px) 100vw, 800px\" \/>\t\t\t\t\t\t\t\t\t\t\t\t\t\t\t<\/div>\n\t\t\t\t<\/div>\n\t\t\t\t\t<\/div>\n\t\t<\/div>\n\t\t\t\t\t<\/div>\n\t\t<\/section>\n\t\t\t\t<section class=\"elementor-section elementor-top-section elementor-element elementor-element-6d2fd4f5 elementor-section-height-min-height elementor-section-items-stretch elementor-section-content-middle elementor-reverse-mobile elementor-section-boxed elementor-section-height-default\" data-id=\"6d2fd4f5\" data-element_type=\"section\" data-e-type=\"section\">\n\t\t\t\t\t\t<div class=\"elementor-container elementor-column-gap-no\">\n\t\t\t\t\t<div class=\"elementor-column elementor-col-50 elementor-top-column elementor-element elementor-element-6d9798c7\" data-id=\"6d9798c7\" data-element_type=\"column\" data-e-type=\"column\" data-settings=\"{&quot;background_background&quot;:&quot;classic&quot;}\">\n\t\t\t<div class=\"elementor-widget-wrap elementor-element-populated\">\n\t\t\t\t\t\t<div class=\"elementor-element elementor-element-7d4ffbb0 elementor-widget elementor-widget-image\" data-id=\"7d4ffbb0\" data-element_type=\"widget\" data-e-type=\"widget\" data-widget_type=\"image.default\">\n\t\t\t\t<div class=\"elementor-widget-container\">\n\t\t\t\t\t\t\t\t\t\t\t\t\t\t\t<img decoding=\"async\" width=\"1080\" height=\"1080\" src=\"https:\/\/hugin.fsu.fi\/wp-content\/uploads\/2022\/04\/kraakraa_hemsidebla.png\" class=\"elementor-animation-rotate attachment-full size-full wp-image-579\" alt=\"\" srcset=\"https:\/\/hugin.fsu.fi\/wp-content\/uploads\/2022\/04\/kraakraa_hemsidebla.png 1080w, https:\/\/hugin.fsu.fi\/wp-content\/uploads\/2022\/04\/kraakraa_hemsidebla-300x300.png 300w, https:\/\/hugin.fsu.fi\/wp-content\/uploads\/2022\/04\/kraakraa_hemsidebla-1024x1024.png 1024w, https:\/\/hugin.fsu.fi\/wp-content\/uploads\/2022\/04\/kraakraa_hemsidebla-150x150.png 150w, https:\/\/hugin.fsu.fi\/wp-content\/uploads\/2022\/04\/kraakraa_hemsidebla-768x768.png 768w\" sizes=\"(max-width: 1080px) 100vw, 1080px\" \/>\t\t\t\t\t\t\t\t\t\t\t\t\t\t\t<\/div>\n\t\t\t\t<\/div>\n\t\t\t\t\t<\/div>\n\t\t<\/div>\n\t\t\t\t<div class=\"elementor-column elementor-col-50 elementor-top-column elementor-element elementor-element-61b16b77\" data-id=\"61b16b77\" data-element_type=\"column\" data-e-type=\"column\">\n\t\t\t<div class=\"elementor-widget-wrap elementor-element-populated\">\n\t\t\t\t\t\t<section class=\"elementor-section elementor-inner-section elementor-element elementor-element-45e93a21 elementor-section-full_width elementor-section-height-default elementor-section-height-default\" data-id=\"45e93a21\" data-element_type=\"section\" data-e-type=\"section\">\n\t\t\t\t\t\t<div class=\"elementor-container elementor-column-gap-no\">\n\t\t\t\t\t<div class=\"elementor-column elementor-col-100 elementor-inner-column elementor-element elementor-element-63a89ae1\" data-id=\"63a89ae1\" data-element_type=\"column\" data-e-type=\"column\">\n\t\t\t<div class=\"elementor-widget-wrap elementor-element-populated\">\n\t\t\t\t\t\t<div class=\"elementor-element elementor-element-51e28f2c elementor-widget elementor-widget-heading\" data-id=\"51e28f2c\" data-element_type=\"widget\" data-e-type=\"widget\" data-widget_type=\"heading.default\">\n\t\t\t\t<div class=\"elementor-widget-container\">\n\t\t\t\t\t<h1 class=\"elementor-heading-title elementor-size-default\">Nordiskt barnmanusprojekt <\/h1>\t\t\t\t<\/div>\n\t\t\t\t<\/div>\n\t\t\t\t<div class=\"elementor-element elementor-element-3ede30f4 elementor-widget elementor-widget-text-editor\" data-id=\"3ede30f4\" data-element_type=\"widget\" data-e-type=\"widget\" data-widget_type=\"text-editor.default\">\n\t\t\t\t<div class=\"elementor-widget-container\">\n\t\t\t\t\t\t\t\t\t<p><span lang=\"SV-SE\" xml:lang=\"SV-SE\" data-contrast=\"none\">Det nordiska samarbetsprojektet Hugin\/Munin vill skapa nya ber\u00e4ttelser i pj\u00e4sform som teaterspelande barn kan ta sig an och framf\u00f6ra p\u00e5 scen. Projektet drivs av \u00e5tta organisationer i Norge, Sverige och svensktalande Finland.<\/span><\/p>\t\t\t\t\t\t\t\t<\/div>\n\t\t\t\t<\/div>\n\t\t\t\t<div class=\"elementor-element elementor-element-d9ff73e elementor-button-info elementor-widget elementor-widget-button\" data-id=\"d9ff73e\" data-element_type=\"widget\" data-e-type=\"widget\" data-widget_type=\"button.default\">\n\t\t\t\t<div class=\"elementor-widget-container\">\n\t\t\t\t\t\t\t\t\t<div class=\"elementor-button-wrapper\">\n\t\t\t\t\t<a class=\"elementor-button elementor-button-link elementor-size-sm elementor-animation-pop\" href=\"http:\/\/hugin.fsu.fi\/index.php\/om-hugin-munin\/\">\n\t\t\t\t\t\t<span class=\"elementor-button-content-wrapper\">\n\t\t\t\t\t\t\t\t\t<span class=\"elementor-button-text\">L\u00e4s mer<\/span>\n\t\t\t\t\t<\/span>\n\t\t\t\t\t<\/a>\n\t\t\t\t<\/div>\n\t\t\t\t\t\t\t\t<\/div>\n\t\t\t\t<\/div>\n\t\t\t\t\t<\/div>\n\t\t<\/div>\n\t\t\t\t\t<\/div>\n\t\t<\/section>\n\t\t\t\t\t<\/div>\n\t\t<\/div>\n\t\t\t\t\t<\/div>\n\t\t<\/section>\n\t\t\t\t<section class=\"elementor-section elementor-top-section elementor-element elementor-element-5723f84 elementor-section-boxed elementor-section-height-default elementor-section-height-default\" data-id=\"5723f84\" data-element_type=\"section\" data-e-type=\"section\" data-settings=\"{&quot;background_background&quot;:&quot;classic&quot;}\">\n\t\t\t\t\t\t\t<div class=\"elementor-background-overlay\"><\/div>\n\t\t\t\t\t\t\t<div class=\"elementor-container elementor-column-gap-default\">\n\t\t\t\t\t<div class=\"elementor-column elementor-col-100 elementor-top-column elementor-element elementor-element-5c8756f\" data-id=\"5c8756f\" data-element_type=\"column\" data-e-type=\"column\">\n\t\t\t<div class=\"elementor-widget-wrap elementor-element-populated\">\n\t\t\t\t\t\t<div class=\"elementor-element elementor-element-d9397da elementor-widget elementor-widget-heading\" data-id=\"d9397da\" data-element_type=\"widget\" data-e-type=\"widget\" data-widget_type=\"heading.default\">\n\t\t\t\t<div class=\"elementor-widget-container\">\n\t\t\t\t\t<h2 class=\"elementor-heading-title elementor-size-default\">L\u00e4s mer om v\u00e5ra manus<\/h2>\t\t\t\t<\/div>\n\t\t\t\t<\/div>\n\t\t\t\t<div class=\"elementor-element elementor-element-67445bc elementor-widget elementor-widget-text-editor\" data-id=\"67445bc\" data-element_type=\"widget\" data-e-type=\"widget\" data-widget_type=\"text-editor.default\">\n\t\t\t\t<div class=\"elementor-widget-container\">\n\t\t\t\t\t\t\t\t\t<p>Professionella f\u00f6rfattare i v\u00e5ra tre l\u00e4nder har skrivit manus i dialog med barngrupper i \u00e5ldrarna 9-15 \u00e5r. Ett trettiotal nordiska barngrupper har m\u00f6jlighet att spela pj\u00e4serna gratis. Alla \u00f6vers\u00e4ttningar till svenska\/norska kommer i slutet av augusti 2022.\u00a0<\/p>\t\t\t\t\t\t\t\t<\/div>\n\t\t\t\t<\/div>\n\t\t\t\t<div class=\"elementor-element elementor-element-b52411a elementor-button-info elementor-align-center elementor-widget elementor-widget-button\" data-id=\"b52411a\" data-element_type=\"widget\" data-e-type=\"widget\" data-widget_type=\"button.default\">\n\t\t\t\t<div class=\"elementor-widget-container\">\n\t\t\t\t\t\t\t\t\t<div class=\"elementor-button-wrapper\">\n\t\t\t\t\t<a class=\"elementor-button elementor-button-link elementor-size-sm elementor-animation-pop\" href=\"http:\/\/hugin.fsu.fi\/index.php\/manus\/\">\n\t\t\t\t\t\t<span class=\"elementor-button-content-wrapper\">\n\t\t\t\t\t\t\t\t\t<span class=\"elementor-button-text\">L\u00e4s mer<\/span>\n\t\t\t\t\t<\/span>\n\t\t\t\t\t<\/a>\n\t\t\t\t<\/div>\n\t\t\t\t\t\t\t\t<\/div>\n\t\t\t\t<\/div>\n\t\t\t\t\t<\/div>\n\t\t<\/div>\n\t\t\t\t\t<\/div>\n\t\t<\/section>\n\t\t\t\t<section class=\"elementor-section elementor-top-section elementor-element elementor-element-ad31b7d elementor-section-boxed elementor-section-height-default elementor-section-height-default\" data-id=\"ad31b7d\" data-element_type=\"section\" data-e-type=\"section\" data-settings=\"{&quot;background_background&quot;:&quot;classic&quot;}\">\n\t\t\t\t\t\t<div class=\"elementor-container elementor-column-gap-default\">\n\t\t\t\t\t<div class=\"elementor-column elementor-col-100 elementor-top-column elementor-element elementor-element-1a5d422\" data-id=\"1a5d422\" data-element_type=\"column\" data-e-type=\"column\">\n\t\t\t<div class=\"elementor-widget-wrap elementor-element-populated\">\n\t\t\t\t\t\t<div class=\"elementor-element elementor-element-6572ae28 elementor-widget elementor-widget-heading\" data-id=\"6572ae28\" data-element_type=\"widget\" data-e-type=\"widget\" data-widget_type=\"heading.default\">\n\t\t\t\t<div class=\"elementor-widget-container\">\n\t\t\t\t\t<h4 class=\"elementor-heading-title elementor-size-default\">Aktuellt<\/h4>\t\t\t\t<\/div>\n\t\t\t\t<\/div>\n\t\t\t\t<div class=\"elementor-element elementor-element-666d91a elementor-posts--thumbnail-none elementor-grid-3 elementor-grid-tablet-2 elementor-grid-mobile-1 elementor-invisible elementor-widget elementor-widget-posts\" data-id=\"666d91a\" data-element_type=\"widget\" data-e-type=\"widget\" data-settings=\"{&quot;classic_row_gap&quot;:{&quot;unit&quot;:&quot;px&quot;,&quot;size&quot;:65,&quot;sizes&quot;:[]},&quot;_animation&quot;:&quot;fadeIn&quot;,&quot;pagination_type&quot;:&quot;numbers&quot;,&quot;classic_columns&quot;:&quot;3&quot;,&quot;classic_columns_tablet&quot;:&quot;2&quot;,&quot;classic_columns_mobile&quot;:&quot;1&quot;,&quot;classic_row_gap_tablet&quot;:{&quot;unit&quot;:&quot;px&quot;,&quot;size&quot;:&quot;&quot;,&quot;sizes&quot;:[]},&quot;classic_row_gap_mobile&quot;:{&quot;unit&quot;:&quot;px&quot;,&quot;size&quot;:&quot;&quot;,&quot;sizes&quot;:[]}}\" data-widget_type=\"posts.classic\">\n\t\t\t\t<div class=\"elementor-widget-container\">\n\t\t\t\t\t\t\t<div class=\"elementor-posts-container elementor-posts elementor-posts--skin-classic elementor-grid\" role=\"list\">\n\t\t\t\t<article class=\"elementor-post elementor-grid-item post-1696 post type-post status-publish format-standard hentry category-uncategorized\" role=\"listitem\">\n\t\t\t\t<div class=\"elementor-post__text\">\n\t\t\t\t<h3 class=\"elementor-post__title\">\n\t\t\t<a href=\"https:\/\/hugin.fsu.fi\/index.php\/2022\/07\/04\/hvordan-skrive-teatermanus-for-barn-og-unge\/\" >\n\t\t\t\tHvordan skrive teatermanus for barn og unge?\t\t\t<\/a>\n\t\t<\/h3>\n\t\t\t\t<div class=\"elementor-post__meta-data\">\n\t\t\t\t\t<span class=\"elementor-post-date\">\n\t\t\tjuli 4, 2022\t\t<\/span>\n\t\t\t\t<\/div>\n\t\t\t\t<div class=\"elementor-post__excerpt\">\n\t\t\t<p>Sju skrivetips for deg som vil skrive et teatermanus som faktisk passer for barne- og ungdomsteatergrupper! Dramatiker og teaterinstrukt\u00f8r Maria Petronella Muri Nygren har skrevet<\/p>\n\t\t<\/div>\n\t\t\n\t\t<a class=\"elementor-post__read-more\" href=\"https:\/\/hugin.fsu.fi\/index.php\/2022\/07\/04\/hvordan-skrive-teatermanus-for-barn-og-unge\/\" aria-label=\"Read more about Hvordan skrive teatermanus for barn og unge?\" tabindex=\"-1\" >\n\t\t\tL\u00e4s mer \u00bb\t\t<\/a>\n\n\t\t\t\t<\/div>\n\t\t\t\t<\/article>\n\t\t\t\t<article class=\"elementor-post elementor-grid-item post-1692 post type-post status-publish format-standard hentry category-uncategorized\" role=\"listitem\">\n\t\t\t\t<div class=\"elementor-post__text\">\n\t\t\t\t<h3 class=\"elementor-post__title\">\n\t\t\t<a href=\"https:\/\/hugin.fsu.fi\/index.php\/2022\/06\/30\/intervju-med-janne-aasebo-johnsen-om-a-skrive-manus-i-dialog-med-barn\/\" >\n\t\t\t\tIntervju med Janne Aaseb\u00f8 Johnsen om \u00e5 skrive manus i dialog med barn\t\t\t<\/a>\n\t\t<\/h3>\n\t\t\t\t<div class=\"elementor-post__meta-data\">\n\t\t\t\t\t<span class=\"elementor-post-date\">\n\t\t\tjuni 30, 2022\t\t<\/span>\n\t\t\t\t<\/div>\n\t\t\t\t<div class=\"elementor-post__excerpt\">\n\t\t\t<p>Janne Aaseb\u00f8 Johnsen forteller om skriveprosessen hun har v\u00e6rt gjennom i Hugin\/Munin-prosjektet. Hennes scenetekst \u00abJeg tegner utenfor rammene\u00bb er utarbeidet i samarbeid med tre ulike<\/p>\n\t\t<\/div>\n\t\t\n\t\t<a class=\"elementor-post__read-more\" href=\"https:\/\/hugin.fsu.fi\/index.php\/2022\/06\/30\/intervju-med-janne-aasebo-johnsen-om-a-skrive-manus-i-dialog-med-barn\/\" aria-label=\"Read more about Intervju med Janne Aaseb\u00f8 Johnsen om \u00e5 skrive manus i dialog med barn\" tabindex=\"-1\" >\n\t\t\tL\u00e4s mer \u00bb\t\t<\/a>\n\n\t\t\t\t<\/div>\n\t\t\t\t<\/article>\n\t\t\t\t<article class=\"elementor-post elementor-grid-item post-1687 post type-post status-publish format-standard hentry category-uncategorized\" role=\"listitem\">\n\t\t\t\t<div class=\"elementor-post__text\">\n\t\t\t\t<h3 class=\"elementor-post__title\">\n\t\t\t<a href=\"https:\/\/hugin.fsu.fi\/index.php\/2022\/06\/27\/intervju-med-maria-petronella-muri-nygren-om-a-skrive-manus-i-dialog-med-barn\/\" >\n\t\t\t\tIntervju med Maria Petronella Muri Nygren om \u00e5 skrive manus i dialog med barn\t\t\t<\/a>\n\t\t<\/h3>\n\t\t\t\t<div class=\"elementor-post__meta-data\">\n\t\t\t\t\t<span class=\"elementor-post-date\">\n\t\t\tjuni 27, 2022\t\t<\/span>\n\t\t\t\t<\/div>\n\t\t\t\t<div class=\"elementor-post__excerpt\">\n\t\t\t<p>Les om skriveprosessen til Maria Petronella Muri Nygren, som ble valgt ut som den norske dramatikeren i Hugin\/Munin-prosjektet. Med ideer og innblanding fra barna i<\/p>\n\t\t<\/div>\n\t\t\n\t\t<a class=\"elementor-post__read-more\" href=\"https:\/\/hugin.fsu.fi\/index.php\/2022\/06\/27\/intervju-med-maria-petronella-muri-nygren-om-a-skrive-manus-i-dialog-med-barn\/\" aria-label=\"Read more about Intervju med Maria Petronella Muri Nygren om \u00e5 skrive manus i dialog med barn\" tabindex=\"-1\" >\n\t\t\tL\u00e4s mer \u00bb\t\t<\/a>\n\n\t\t\t\t<\/div>\n\t\t\t\t<\/article>\n\t\t\t\t<\/div>\n\t\t\n\t\t\t\t<div class=\"e-load-more-anchor\" data-page=\"1\" data-max-page=\"2\" data-next-page=\"https:\/\/hugin.fsu.fi\/index.php\/wp-json\/wp\/v2\/pages\/336\/page\/2\/\"><\/div>\n\t\t\t\t<nav class=\"elementor-pagination\" aria-label=\"Sidindelning\">\n\t\t\t<span aria-current=\"page\" class=\"page-numbers current\"><span class=\"elementor-screen-only\">Sida<\/span>1<\/span>\n<a class=\"page-numbers\" href=\"https:\/\/hugin.fsu.fi\/index.php\/wp-json\/wp\/v2\/pages\/336\/page\/2\/\"><span class=\"elementor-screen-only\">Sida<\/span>2<\/a>\t\t<\/nav>\n\t\t\t\t\t\t<\/div>\n\t\t\t\t<\/div>\n\t\t\t\t\t<\/div>\n\t\t<\/div>\n\t\t\t\t\t<\/div>\n\t\t<\/section>\n\t\t\t\t<\/div>\n\t\t","protected":false},"excerpt":{"rendered":"<p>Nordiskt barnmanusprojekt Det nordiska samarbetsprojektet Hugin\/Munin vill skapa nya ber\u00e4ttelser i pj\u00e4sform som teaterspelande barn kan ta sig an och framf\u00f6ra p\u00e5 scen. Projektet drivs av \u00e5tta organisationer i Norge, Sverige och svensktalande Finland. L\u00e4s mer L\u00e4s mer om v\u00e5ra manus Professionella f\u00f6rfattare i v\u00e5ra tre l\u00e4nder har skrivit manus i dialog med barngrupper i [&hellip;]<\/p>\n","protected":false},"author":2,"featured_media":0,"parent":0,"menu_order":0,"comment_status":"closed","ping_status":"closed","template":"","meta":{"footnotes":""},"class_list":["post-336","page","type-page","status-publish","hentry"],"_links":{"self":[{"href":"https:\/\/hugin.fsu.fi\/index.php\/wp-json\/wp\/v2\/pages\/336","targetHints":{"allow":["GET"]}}],"collection":[{"href":"https:\/\/hugin.fsu.fi\/index.php\/wp-json\/wp\/v2\/pages"}],"about":[{"href":"https:\/\/hugin.fsu.fi\/index.php\/wp-json\/wp\/v2\/types\/page"}],"author":[{"embeddable":true,"href":"https:\/\/hugin.fsu.fi\/index.php\/wp-json\/wp\/v2\/users\/2"}],"replies":[{"embeddable":true,"href":"https:\/\/hugin.fsu.fi\/index.php\/wp-json\/wp\/v2\/comments?post=336"}],"version-history":[{"count":139,"href":"https:\/\/hugin.fsu.fi\/index.php\/wp-json\/wp\/v2\/pages\/336\/revisions"}],"predecessor-version":[{"id":1666,"href":"https:\/\/hugin.fsu.fi\/index.php\/wp-json\/wp\/v2\/pages\/336\/revisions\/1666"}],"wp:attachment":[{"href":"https:\/\/hugin.fsu.fi\/index.php\/wp-json\/wp\/v2\/media?parent=336"}],"curies":[{"name":"wp","href":"https:\/\/api.w.org\/{rel}","templated":true}]}}